ndreds digit of 29030?
0
What is the tens digit of 50383?
8
What is the thousands digit of 1520?
1
What is the tens digit of 32826?
2
What is the units digit of 20613?
3
What is the ten thousands digit of 56420?
5
What is the tens digit of 3753?
5
What is the hundreds digit of 29556?
5
What is the hundreds digit of 47899?
8
What is the tens digit of 4347?
4
What is the ten thousands digit of 27759?
2
What is the units digit of 5153?
3
What is the ten thousands digit of 10340?
1
What is the units digit of 4392?
2
What is the hundreds digit of 247?
2
What is the ten thousands digit of 91195?
9
What is the hundreds digit of 6072?
0
What is the ten thousands digit of 33898?
3
What is the units digit of 16897?
7
What is the tens digit of 26373?
7
What is the units digit of 114601?
1
What is the hundreds digit of 3124?
1
What is the ten thousands digit of 21744?
2
What is the hundreds digit of 3375?
3
What is the units digit of 22?
2
What is the thousands digit of 1785?
1
What is the units digit of 102614?
4
What is the hundreds digit of 9252?
2
What is the units digit of 213?
3
What is the tens digit of 21631?
3
What is the ten thousands digit of 69485?
6
What is the hundreds digit of 3060?
0
What is the tens digit of 151?
5
What is the thousands digit of 1174?
1
What is the ten thousands digit of 13162?
1
What is the thousands digit of 3373?
3
What is the units digit of 4404?
4
What is the thousands digit of 16086?
6
What is the units digit of 595?
5
What is the hundreds digit of 26556?
5
What is the hundreds digit of 8162?
1
What is the tens digit of 6965?
6
What is the thousands digit of 1893?
1
What is the units digit of 55395?
5
What is the tens digit of 1086?
8
What is the thousands digit of 16429?
6
What is the hundreds digit of 3925?
9
What is the hundreds digit of 9640?
6
What is the hundreds digit of 2998?
9
What is the units digit of 23595?
5
What is the hundreds digit of 1809?
8
What is the units digit of 1686?
6
What is the tens digit of 316?
1
What is the tens digit of 11913?
1
What is the units digit of 3659?
9
What is the thousands digit of 5877?
5
What is the units digit of 19236?
6
What is the units digit of 410?
0
What is the thousands digit of 1664?
1
What is the tens digit of 152?
5
What is the units digit of 1837?
7
What is the units digit of 75092?
2
What is the units digit of 2682?
2
What is the hundreds digit of 23618?
6
What is the tens digit of 7376?
7
What is the hundreds digit of 8789?
7
What is the hundreds digit of 891?
8
What is the tens digit of 1326?
2
What is the thousands digit of 2254?
2
What is the hundreds digit of 317?
3
What is the hundreds digit of 41287?
2
What is the tens digit of 9129?
2
What is the tens digit of 3360?
6
What is the thousands digit of 3583?
3
What is the tens digit of 24728?
2
What is the thousands digit of 10107?
0
What is the tens digit of 8650?
5
What is the units digit of 3189?
9
What is the units digit of 369?
9
What is the hundred thousands digit of 113971?
1
What is the hundreds digit of 117?
1
What is the thousands digit of 20953?
0
What is the tens digit of 271?
7
What is the thousands digit of 5511?
5
What is the units digit of 1895?
5
What is the thousands digit of 73910?
3
What is the tens digit of 5667?
6
What is the tens digit of 1728?
2
What is the hundreds digit of 653?
6
What is the units digit of 1177?
7
What is the ten thousands digit of 25000?
2
What is the units digit of 1551?
1
What is the units digit of 28014?
4
What is the thousands digit of 1789?
1
What is the ten thousands digit of 27435?
2
What is the hundreds digit of 1647?
6
What is the units digit of 84096?
6
What is the tens digit of 41?
4
What is the units digit of 1136?
6
What is the units digit of 720?
0
What is the hundreds digit of 1555?
5
What is the hundreds digit of 639?
6
What is the tens digit of 88389?
8
What is the units digit of 963?
3
What is the tens digit of 876?
7
What is the thousands digit of 23232?
3
What is the hundreds digit of 952?
9
What is the hundreds digit of 2823?
8
What is the tens digit of 302?
0
What is the ten thousands digit of 71088?
7
What is the tens digit of 23125?
2
What is the thousands digit of 7619?
7
What is the thousands digit of 5592?
5
What is the thousands digit of 1640?
1
What is the hundreds digit of 1420?
4
What is the tens digit of 11?
1
What is the tens digit of 29874?
7
What is the units digit of 317?
7
What is the thousands digit of 3580?
3
What is the hundreds digit of 45495?
4
What is the tens digit of 2057?
5
What is the tens digit of 2006?
0
What is the thousands digit of 12062?
2
What is the units digit of 5312?
2
What is the tens digit of 2366?
6
What is the thousands digit of 1131?
1
What is the ten thousands digit of 41740?
4
What is the hundreds digit of 8844?
8
What is the units digit of 3296?
6
What is the thousands digit of 68463?
8
What is the hundreds digit of 4047?
0
What is the units digit of 1443?
3
What is the units digit of 634?
4
What is the hundreds digit of 24823?
8
What is the hundreds digit of 930?
9
What is the units digit of 3174?
4
What is the hundreds digit of 5166?
1
What is the units digit of 18707?
7
What is the hundreds digit of 28602?
6
What is the thousands digit of 23815?
3
What is the tens digit of 145?
4
What is the hundred thousands digit of 134160?
1
What is the tens digit of 12541?
4
What is the units digit of 3690?
0
What is the units digit of 46963?
3
What is the thousands digit of 19029?
9
What is the units digit of 1010?
0
What is the thousands digit of 9946?
9
What is the hundreds digit of 6186?
1
What is the thousands digit of 15685?
5
What is the units digit of 366?
6
What is the hundreds digit of 5342?
3
What is the ten thousands digit of 12316?
1
What is the hundreds digit of 21070?
0
What is the thousands digit of 1203?
1
What is the hundreds digit of 1348?
3
What is the tens digit of 57263?
6
What is the tens digit of 45262?
6
What is the tens digit of 44874?
7
What is the tens digit of 352?
5
What is the ten thousands digit of 90182?
9
What is the tens digit of 2325?
2
What is the ten thousands digit of 10668?
1
What is the tens digit of 2309?
0
What is the units digit of 1132?
2
What is the units digit of 922?
2
What is the tens digit of 969?
6
What is the units digit of 58009?
9
What is the units digit of 2685?
5
What is the units digit of 47237?
7
What is the units digit of 66634?
4
What is the tens digit of 122119?
1
What is the thousands digit of 10697?
0
What is the hundreds digit of 289?
2
What is the thousands digit of 29352?
9
What is the units digit of 10589?
9
What is the units digit of 3319?
9
What is the tens digit of 6777?
7
What is the thousands digit of 5034?
5
What is the hundreds digit of 3440?
4
What is the hundreds digit of 419?
4
What is the units digit of 194?
4
What is the units digit of 769?
9
What is the ten thousands digit of 30244?
3
What is the thousands digit of 2230?
2
What is the tens digit of 9320?
2
What is the units digit of 19488?
8
What is the ten thousands digit of 15286?
1
What is the tens digit of 13371?
7
What is the units digit of 1232?
2
What is the hundreds digit of 110?
1
What is the hundreds digit of 1453?
4
What is the ten thousands digit of 14691?
1
What is the units digit of 3107?
7
What is the thousands digit of 1029?
1
What is the thousands digit of 63330?
3
What is the thousands digit of 1808?
1
What is the hundreds digit of 926?
9
What is the thousands digit of 18609?
8
What is the units digit of 135?
5
What is the hundreds digit of 28523?
5
What is the hundreds digit of 42291?
2
What is the hundreds digit of 1014?
0
What is the tens digit of 145?
4
What is the units digit of 1359?
9
What is the tens digit of 50?
5
What is the units digit of 670?
0
What is the hundreds digit of 32952?
9
What is the thousands digit of 6509?
6
What is the ten thousands digit of 29967?
2
What is the ten thousands digit of 82405?
8
What is the tens digit of 3640?
4
What is the ten thousands digit of 45186?
4
What is the thousands digit of 24902?
4
What is the hundreds digit of 363?
3
What is the tens digit of 2727?
2
What is the tens digit of 2202?
0
What is the units digit of 27505?
5
What is the tens digit of 510?
1
What is the units digit of 1076?
6
What is the tens